ert -100110110110111111000111 (base 2) to base 3.
-201011112112000
What is -2858b1 (base 12) in base 8?
-2443305
Convert 606550 (base 7) to base 14.
29860
What is c6bc0 (base 16) in base 5?
202022031
What is -511404 (base 14) in base 10?
-2731068
Convert -103020130220 (base 4) to base 14.
-947a64
What is 20533224 (base 7) in base 14?
333cbb
What is 16b4324 (base 13) in base 12?
2579867
What is 111220121121011 (base 3) in base 2?
11100001100111111001001
-4937c9 (base 16) to base 2
-10010010011011111001001
11140340 (base 5) to base 9
161402
What is -2665789 (base 10) in base 9?
-5012687
What is 36743 (base 10) in base 2?
1000111110000111
What is -106541 (base 11) in base 15?
-35427
What is -2001332 (base 5) in base 9?
-47143
131559 (base 13) to base 14
bd95a
What is 111122122112 (base 3) in base 6?
5432105
Convert -e6b527 (base 15) to base 5.
-10302121122
22da8 (base 15) to base 9
178335
Convert -593bd (base 15) to base 14.
-758ad
What is 556144 (base 7) in base 5?
11120204
What is 1021656 (base 7) in base 4?
132003321
Convert 21b3a6 (base 15) to base 4.
12020122203
Convert -1b8b8 (base 12) to base 6.
-513552
Convert 222131302 (base 4) to base 6.
3421134
Convert 40525364 (base 7) to base 12.
1172a45
Convert -25462065 (base 8) to base 2.
-10101100110010000110101
Convert -2e521 (base 16) to base 7.
-1420101
What is -1154d6 (base 15) in base 8?
-3121110
What is 767b9 (base 12) in base 11?
a7787
What is 2024011101 (base 5) in base 10?
4125776
1260170 (base 9) to base 7
5566614
What is -193a5 (base 14) in base 9?
-106518
-120112101120201 (base 3) to base 4
-133133112223
What is 213031211 (base 4) in base 14?
42765
What is 1634345 (base 7) in base 3?
102112201112
-122202100221122 (base 3) to base 7
-143125325
-34ab6a (base 12) to base 3
-1121002202201
What is 13201103221 (base 4) in base 16?
1e14e9
Convert 142015142 (base 6) to base 10.
2895110
Convert b970b (base 14) to base 12.
19777b
Convert -13453351 (base 6) to base 5.
-104131100
Convert 1103341432 (base 5) to base 7.
26265036
41337373 (base 8) to base 13
1a7b7c7
What is 311033302 (base 4) in base 16?
353f2
Convert 1867990 (base 10) to base 8.
7100326
What is -d65700 (base 15) in base 6?
-1002254443
Convert 3098e (base 15) to base 7.
1211036
Convert -8865052 (base 9) to base 7.
-55342616
Convert 12112200002122 (base 3) to base 14.
56985a
46243575 (base 8) to base 16
99477d
What is -539448 (base 10) in base 11?
-339328
-2c88fa (base 16) to base 11
-1713909
Convert -534100 (base 6) to base 16.
-aa94
What is -14442112 (base 6) in base 16?
-7ae1c
-110101110101110010100 (base 2) to base 14
-33cd36
Convert 137bdb (base 15) to base 4.
3210321110
What is -101100101010001011110 (base 2) in base 11?
-90a515
Convert 2206783 (base 10) to base 3.
11011010010201
Convert 606d0b (base 15) to base 5.
2133020221
What is 159401 (base 10) in base 8?
467251
Convert 1d8da1 (base 16) to base 15.
283d01
What is 11010100001000010101 (base 2) in base 11?
543896
What is 1011030032 (base 4) in base 2?
1000101001100001110
What is -2202220101020 (base 3) in base 2?
-101100111111100001010
What is -21111211121121 (base 3) in base 9?
-7454547
What is 2853278 (base 9) in base 6?
53354455
-1894427 (base 10) to base 9
-3506588
-86649 (base 16) to base 9
-1028086
Convert -6d18b5 (base 14) to base 12.
-12bb05b
Convert -526463 (base 11) to base 13.
-236980
What is 2372842 (base 9) in base 8?
4723644
Convert 22100100102120 (base 3) to base 7.
52462425
8db0 (base 16) to base 4
20312300
What is 101111001000100101110 (base 2) in base 13?
421003
Convert -14816 (base 14) to base 8.
-143444
Convert 1121210313 (base 4) to base 11.
230729
Convert 271614 (base 10) to base 16.
424fe
What is -110131032 (base 4) in base 13?
-2c1a5
Convert 2b92a (base 12) to base 16.
f172
Convert -1402186 (base 9) to base 11.
-485a52
Convert -1a761 (base 14) to base 11.
-46634
Convert 105c81 (base 16) to base 9.
2013766
-1101100001111010 (base 2) to base 14
-162a6
Convert -6553835 (base 9) to base 7.
-41626055
What is -1332231031 (base 4) in base 5?
-113101424
What is -33c100 (base 15) in base 5?
-1113030400
What is 132302000101 (base 4) in base 3?
120011221202221
Convert -110001011110110011000 (base 2) to base 11.
-a08200
Convert 6e47a (base 16) to base 9.
757555
100110000010 (base 2) to base 13
1153
What is -602406 (base 8) in base 14?
-52194
What is -9679b7 (base 15) in base 4?
-123111000223
122100320330 (base 4) to base 3
110221210100012
What is 10100010001111111111 (base 2) in base 8?
2421777
-52200203 (base 6) to base 3
-2211122102210
What is -34616 (base 9) in base 6?
-254540
-2002002122001 (base 3) to base 2
-100001101100100100110
14e88 (base 15) to base 6
1240015
Convert 330020303123 (base 4) to base 3.
1002122221002202
Convert -57379 (base 11) to base 2.
-10100010000011011
Convert -aaa81 (base 11) to base 7.
-1240305
What is 300130311132 (base 4) in base 11?
7195514
Convert 1736045 (base 9) to base 5.
222001012
Convert -1ae825 (base 15) to base 5.
-314032320
What is 2a7edb (base 16) in base 6?
135405243
Convert -2b931a8 (base 12) to base 16.
-87d250
Convert -216cd (base 16) to base 7.
-1110103
Convert -994c7 (base 14) to base 10.
-371399
21221111102 (base 3) to base 10
156368
Convert 4374887 (base 11) to base 6.
432323315
What is 32705c (base 16) in base 4?
30213001130
Convert 252035254 (base 6) to base 7.
56200135
What is -5629344 (base 10) in base 14?
-a67720
Convert -3605530 (base 7) to base 8.
-1572132
What is -1abd5 (base 15) in base 13?
-30812
Convert 476253 (base 8) to base 10.
162987
Convert 1001011212021221 (base 3) to base 11.
84a9811
7c8f (base 16) to base 13
1168b
1dd572 (base 14) to base 7
12062102
What is 1826031 (base 13) in base 8?
36006151
What is 4104607 (base 9) in base 8?
10261676
-1220101110 (base 4) to base 6
-13053140
Convert 213aa7 (base 11) to base 5.
41421223
What is -117832 (base 9) in base 16?
-116de
100011110001010000011 (base 2) to base 13
320666
Convert 463486 (base 9) to base 4.
1003322013
1aea06 (base 15) to base 14
2633bd
Convert -34522235 (base 7) to base 14.
-58c78c
326243 (base 9) to base 8
574434
Convert -111059 (base 10) to base 4.
-123013103
Convert -3abb9b (base 12) to base 16.
-edee7
Convert 31640 (base 11) to base 13.
17c44
Convert 133651 (base 10) to base 4.
200220103
112311102 (base 4) to base 16
16d52
-10dfcf0 (base 16) to base 10
-17693936
Convert 144630 (base 8) to base 3.
2121210102
-40766353 (base 8) to base 2
-100000111110110011101011
Convert 874a21 (base 11) to base 5.
324204302
Convert -516066 (base 9) to base 3.
-120120002020
-69685 (base 10) to base 6
-1254341
What is -166162555 (base 7) in base 12?
-39ba921
Convert -3330102221 (base 4) to base 8.
-3742251
Convert -935728 (base 12) to base 8.
-10642320
-2639938 (base 10) to base 7
-31303420
What is 10111010000010010001 (base 2) in base 4?
2322002101
What is -3324044 (base 6) in base 3?
-22110210001
-1110111101100011 (base 2) to base 6
-1151415
Convert 21450140 (base 6) to base 2.
10011101010001001100
What is 1a9788 (base 16) in base 5?
421231403
-110242324 (base 5) to base 14
-c61d5
Convert -11011110110001100100001 (base 2) to base 8.
-33661441
What is 2112100000 (base 3) in base 6?
1022343
Convert 1198080 (base 11) to base 4.
13322213231
-203021203 (base 4) to base 6
-3030311
What is 141b43 (base 12) in base 13?
b970c
Convert -1a0762 (base 11) to base 16.
-4b498
9543463 (base 10) to base 6
540314411
What is -1b1904 (base 12) in base 11?
-2a8664
9996623 (base 10) to base 12
34210bb
-122002021010222 (base 3) to base 11
-5141273
What is 25444003 (base 7) in base 8?
10646502
108152d (base 14) to base 9
15670280
-497bab (base 13) to base 8
-6554560
Convert 22142104 (base 5) to base 11.
122342
What is -20212100101 (base 3) in base 5?
-13310433
26cd4 (base 16) to base 14
41cc4
What is 1010320312 (base 4) in base 5?
33012131
854884 (base 11) to base 14
278781
-230032101 (base 5) to base 2
-11111000011110110000
Convert -599045 (base 10) to base 6.
-20501205
What is 1628c4 (base 13) in base 8?
2057325
Convert 10000334 (base 6) to base 13.
9a627
-22112220001101 (base 3) to base 16
-45586f
Convert -126272 (base 10) to base 6.
-2412332
What is 1032133310 (base 4) in base 14?
85260
-6bc23d (base 14) to base 6
-210534235
Convert 8985261 (base 10) to base 15.
b